. Let r = g - -167. Calculate t(r).
-6
Let x(i) = 13 + 8892*i + 8889*i - 26668*i + 8888*i. Determine x(-9).
4
Let t(h) = h**3 + 4*h**2 + 3*h - 4. Let c = -876 + 1044. Suppose c*q + 48 = 152*q. Give t(q).
-4
Let l(h) = -7*h**2 - 10*h + 3. Suppose 0 = 122*t - 128*t - 24. Let j(z) = -6*z**2 - 8*z + 2. Let x(d) = t*l(d) + 5*j(d). What is x(-4)?
-34
Let l(p) = -p**2 + 11*p - 3. Suppose 0 = 3*i - 3*u - 21, -298*u + 303*u = 3*i - 13. What is l(i)?
-3
Let g(j) = 3*j - 11. Let t = 141 - 141. Suppose t = 4*a - 9*a + 40. Calculate g(a).
13
Suppose u + 94 = 98. Suppose -3*q = 3*h + 3, -q - 22 = -u*q + 2*h. Let f(d) = 3*d - 4. Give f(q).
8
Let x(v) be the second derivative of -1/2*v**2 - 1/6*v**3 + 182*v + 0 + 37/12*v**4. What is x(-1)?
37
Suppose -2*p + 4*u = -28, p + 4*u = 2*p - 22. Let t(v) = -14*v - 5 - p*v + 22*v + 2. Give t(-6).
-15
Suppose 14*i - 15*i = -52. Let a = i - 50. Suppose -a*k - 2 = -k. Let u(y) = 2*y**2 + 2*y + 3. What is u(k)?
7
Let d(g) = -73 + 12*g - 74 + 266 - 75 - 69. Determine d(3).
11
Suppose -4*v = -5*x - 6, -v + 5 = -5*x - 4. Let s = 7155 - 7149. Let q be -6*(s + -5)*v. Let o(a) = -a**2 + 4*a - 2. Determine o(q).
-14
Let g(i) = 69128*i**2 + 6 - 138259*i**2 + 10*i + 69130*i**2. Let f(n) = n**3 - n**2 + n + 9. Let q be f(0). Calculate g(q).
15
Let b be (-14)/245 + (-288)/(-140). Let k(x) be the first derivative of -1/3*x**3 + 1 + x - 2*x**b. What is k(-4)?
1
Let x(o) be the third derivative of o**4/12 + 3*o**3 + 3*o**2 - 6. Give x(-8).
2
Suppose -8*q - 85 + 253 = 0. Suppose -q*u = -30*u + 126. Let d(o) = -o**2 + 15*o - 16. What is d(u)?
-2
Let z(u) = -16*u + 1 - 37 + 0*u - 8 - u**2 + 82. Determine z(-18).
2
Let l(s) = s**3 + s + 2. Let v be l(-2). Let m be (-1)/(-6) + (-7 - 904/(-48)). Let y(o) = -o**2 + 7 + 15 - 8*o + m - 43. Calculate y(v).
-9
Let a(p) be the second derivative of p**4/12 + 25*p**3/6 + 20*p**2 + 5587*p. Calculate a(-23).
-6
Let w(z) = -3*z + 1. Let r(i) = 2*i**2 + 18*i - 56. Let p be r(3). Suppose h + 3*a - p = 0, -5*h + 2*a + 5 - 10 = 0. What is w(h)?
-2
Let p(g) = 2*g**3 - 16*g**2 - 3*g - 1. Let v(q) be the first derivative of 5/2*q**2 + 2 + q - 3/4*q**4 + 8*q**3. Let x(i) = -8*p(i) - 5*v(i). What is x(8)?
-5
Let l be 0/2 + (-4)/2. Let h(c) = -36*c + 60. Let t be h(-7). Let s(v) = 101 - 4*v + 107 - t + 106. What is s(l)?
10
Let f(r) = -22*r**3 + 5*r**2 + 16*r - 2. Let s(y) = 21*y**3 - 7*y**2 - 21*y + 3. Let z(d) = 4*f(d) + 3*s(d). Calculate z(-1).
24
Suppose 5*g = -k + 43 - 119, k = -1. Let w(x) be the first derivative of -x**2/2 - 16*x - 1907. What is w(g)?
-1
Let z(t) = -7*t - 6 + 6*t + 2*t + 109 - 15*t. Determine z(7).
5
Let i(n) be the third derivative of -n**6/120 - 7*n**5/60 - 5*n**4/8 - 3*n**3/2 + 635*n**2. Calculate i(-4).
3
Let v = 141296 - 141301. Let u(g) = 2*g + g + 8 - g. What is u(v)?
-2
Let f be (0 + -1 - 28) + -1. Let r = f - -25. Let u be 4 + (0/r - -2). Let o(k) = k**3 - 6*k**2 - 2*k + 4. What is o(u)?
-8
Let r be -1 - -1 - (94 + -9). Let u = r + 86. Let n(c) = 0*c - c - 3*c + 2*c + u. What is n(6)?
-11
Let t(w) = -w + 5 - 6 - 2. Let m be (1 - (6 - 3)) + 1. Let f = 4 + m. Determine t(f).
-6
Let k be (-16)/(-2) - (-2)/(-10 + 8). Let g(f) = 6*f - 1. Let h(m) = -11*m + 1. Let s(r) = k*g(r) + 4*h(r). Give s(-5).
7
Let t(g) = g**3 - 29*g**2 + 55*g - 22. Let s = -25055 - -25082. What is t(s)?
5
Let q(a) = -a + 8. Let k be q(8). Let b(v) = -v**3 + v - 4. Let j be b(k). Let u(g) = -4*g - 1. Let n(t) = 9*t. Let h(p) = -2*n(p) - 5*u(p). What is h(j)?
-3
Let o(z) = 8*z + 225 - 139 - 152 - 6*z. Determine o(24).
-18
Let l(p) = 5*p - 121. Let m be l(28). Let w(d) = 1 - d**2 + m*d**3 - 20*d**3 + 0 - 2*d + 0. Determine w(-2).
9
Let z = -177 + 180. Suppose -i = 3*i + z*n + 44, -5*i - 3*n - 55 = 0. Let a(t) = -t**3 - 12*t**2 - 12*t - 14. Calculate a(i).
-3
Let h(p) be the second derivative of -1/2*p**3 + 3 + 1/2*p**2 - 2*p + 1/6*p**4. Suppose -3*y = -s - 9, 12 = y + 3*y + 3*s. Calculate h(y).
10
Let p(b) = -251*b + 5526. Let f be p(22). Let a(z) be the third derivative of 1/6*z**3 + 0*z + 0 + 1/60*z**5 + 24*z**2 + 0*z**f. Calculate a(3).
10
Suppose 435 = 6*o - o. Suppose -4*y + 370 = 2*x, 3*y - 4*x - 228 = 77. Let g = o - y. Let u(z) = z**2 + 6*z - 7. Determine u(g).
9
Suppose l - 2 = 4*a - a, l + 5*a = 2. Let w(z) = -2*z + 47*z**2 - 2*z - 46*z**2 - l. Determine w(4).
-2
Let g(t) = -2*t - 1. Suppose -3*i - 5*n = 19, -10 = -48*i + 52*i - n. Let d be 78/10 - 2/(-10). Let h(f) = -f. Let l(v) = d*h(v) + i*g(v). Give l(6).
-9
Let y(s) = 3*s + 6*s + 29*s**3 + 6 + 8*s + 14*s**2 - 30*s**3. Give y(15).
36
Let h(c) = c**3 + 5*c**2 - 6*c + 8. Let w = 86 - 100. Let t be ((-410)/(-70) + -5)/(2/w). Give h(t).
8
Let w = 3 - 5. Let a(i) = 26 - 2*i**3 + 2*i + 36779*i**2 + 34 - 59 - 36781*i**2. Calculate a(w).
5
Let c be 6/2 + (33 - 34). Suppose -12*n = -0*n - c*n. Let a(o) = -o**3 + o**2 - 2*o + 1. Determine a(n).
1
Let z(t) = -t**3 + 10*t**2 - 14*t - 16. Suppose -43*j - 215 + 645 = 0. Let d be (8/j)/(-5*4/(-200)). What is z(d)?
0
Let a(q) = -q**3 - 10*q**2 - 8*q + 13. Let g(t) = -1 + 20*t**2 + 20*t**2 - 44*t**2 - 4*t. Let l be ((-21)/14)/((-3)/(-4)). Let i be g(l). Determine a(i).
4
Let m(p) = -5*p + 64. Let b be m(14). Let y(n) be the first derivative of -3*n**2/2 - 5*n + 6. Determine y(b).
13
Let n(z) be the first derivative of -3*z - 1/4*z**4 + 2*z**2 + 5/3*z**3 + 64. What is n(4)?
29
Suppose -c = 2*c - 2*k - 12, 4*c + k - 16 = 0. Let g(s) = -30*s + 12*s + 20*s - c + s**2. What is g(-4)?
4
Let i(x) be the second derivative of -x**4/6 + 7*x**3/6 - 3*x**2 + 384*x - 1. Give i(4).
-10
Let s(k) = 5*k + 4. Let j(p) = p - 1. Let c(a) = -2*j(a) - s(a). Let m(o) = 40 + 10 - 7*o**2 + 17*o + 26*o - 5. Let u be m(7). Determine c(u).
-23
Suppose 2 = m + 6. Let j(y) = -y**3 - y. Let c(d) = d**2 - 4*d**2 - 4*d**3 + 6*d**2 - 7*d - 4 + 2*d**2. Let p(h) = c(h) - 5*j(h). Determine p(m).
20
Let k(h) be the first derivative of -2*h**3/3 - 4*h**2 - 2*h - 16890. Let v = 16 - 22. What is k(v)?
-26
Let g(v) = -v**3 - 8*v**2 - 8*v - 9. Let r be g(-7). Let f(t) be the third derivative of 0*t - 1/24*t**4 + 0 - 90*t**2 - 1/2*t**3. Calculate f(r).
-1
Let f(a) = -90 - 107 - 33009*a + 32991*a. Determine f(-11).
1
Let l be 4/(-3)*15/(-25)*-5. Let t(k) = k**3 + 5*k**2 - k - 11. Let u be t(l). Let o(f) be the third derivative of -f**4/24 + 4*f**3/3 + 4*f**2. Calculate o(u).
-1
Let x(s) = -3*s**2 - 11*s - 14. Let f(k) = -96*k - 867. Let o be f(-9). What is x(o)?
-8
Let o be (-40)/(-70)*7/2. Suppose -o*t + 50 = 3*t. Let r(a) = -3*a - 19. Let g(h) = -h - 9. Let z(n) = -5*g(n) + 2*r(n). Give z(t).
-3
Let n(y) be the first derivative of -y**2/2 + 3*y + 1. Suppose -38*k - 4114 = -86. Let i = -113 - k. Calculate n(i).
10
Let r(b) = -b**2 - 10*b - 21. Suppose 3*a = -21, 36*f = 39*f + 2*a + 20. What is r(f)?
-5
Let x(v) = v + 1. Let s(n) be the first derivative of -n**2/2 + n - 4. Let f(m) = 2*s(m) + x(m). Let j be (1/((-2)/14))/(-1). Give f(j).
-4
Suppose 1 - 1 = 4*b. Suppose b = -4*o - h - h + 156, 5*h = 3*o - 130. Let t be 2 - 6 - (-1)/(4/o). Let l(k) = k**3 - 5*k**2 - 4*k + 2. Determine l(t).
14
Let l(w) = -5*w**3 + 23*w**2 - 41*w + 28. Let n(u) = 4*u**3 - 21*u**2 + 28*u - 29. Let j(q) = 3*l(q) + 4*n(q). Determine j(16).
48
Let h(b) = -6*b + 38. Let u be h(7). Let x be (2 - (u - 4))/(-1). Let t(v) = -v**3 - 9*v**2 + 11*v + 9. Give t(x).
-1
Let p(y) = -y**3 - 19*y**2 + 15*y - 60. Let a(i) = -i**3 + 75*i**2 + 83*i - 552. Let j be a(76). Calculate p(j).
40
Let k(w) be the second derivative of -w**4/8 - 5*w**3/2 + 71*w**2 + 201*w. Let r(z) be the first derivative of k(z). Calculate r(-7).
6
Suppose 16 = 2*u + 2*u. Suppose -u*y = n + 15 - 2, -n + 5 = -2*y. Let v(j) = 1 + 12 - 2*j + 10 - 15 - 9 - 10*j. Calculate v(n).
11
Suppose 5*r + 66 = 3*f, 0*r + 22 = f - 3*r. Suppose -m - 3 = -3*w + 1, f = 5*m - w. Let v(j) = 4*j - j - 5*j - m. Determine v(-5).
5
Let h be -15*(-17)/170 + (-3)/(-2) + -3. Let z(c) = -c**2 - 12*c + 5. Give z(h).
5
Let q be 14/(((-16)/(-24))/(3 - 2)*-3). Let z(u) = -2*u**2 - 15*u + 10. Give z(q).
17
Let b(h) = h - 12. Let w be b(-9). Let a = w + 25. Let c(r) = -5*r - 5*r**2 + r**3 - a - 2*r + 5 + 4. Determine c(6).
-1
Suppose 4*a - 5 = 3. Let d(h) = h**a + 7 + 6 + 6*h - 17. Let m(i) = -5*i**2 + 26*i - 11. Let o be m(5). Give d(o).
-4
Let u(l) be t